) = -u**2 + 18*u - 68. What is h(8)?
12
Let h(t) = 3706*t - 3698. Calculate h(1).
8
Let w(k) = -4*k**2 - 17*k - 79. Determine w(-6).
-121
Let s(f) = -f**3 - 46*f**2 - 382*f + 21. Give s(-11).
-12
Let g(a) = 10*a**2 + 570*a + 4. Calculate g(-57).
4
Let b(y) = 65*y**2 + 35*y + 34. What is b(-1)?
64
Let j(n) = 4*n**2 - 235*n + 99. Calculate j(56).
-517
Let u(q) = -2*q**2 + 1096*q + 5540. Give u(-5).
10
Let z(i) = -63*i**2 + 1195*i + 46. Give z(19).
8
Let f(b) = 3082*b - 135612. What is f(44)?
-4
Let g(v) = -v**2 - 59*v + 260. Give g(-64).
-60
Let p(h) = 2*h**2 - 193*h - 13342. What is p(143)?
-43
Let t(k) = -k**2 - k + 11. What is t(2)?
5
Let x(l) = 66*l + 1572. What is x(-24)?
-12
Let t(r) = -2*r**2 + 27*r + 266. What is t(20)?
6
Let o(u) = 29*u**2 - 46*u + 84. Calculate o(3).
207
Let m(o) = -7*o + 97. Give m(-32).
321
Let l(y) = -719*y - 2167. Give l(-3).
-10
Let r(k) = 3*k**3 + 225*k**2 + 216*k - 432. Calculate r(-74).
12
Let c(h) = -8*h**2 + 24*h - 123. Determine c(7).
-347
Let c(i) = 2*i**3 + 27*i**2 - 41*i - 15. What is c(-15)?
-75
Let t(q) = 9*q**3 + 712*q**2 + 79*q - 6. Give t(-79).
-6
Let k(m) = 14*m + 285. Determine k(-15).
75
Let o(p) = -p**3 + 21*p**2 + 52*p - 131. Give o(23).
7
Let v(o) = -13*o - 726. What is v(-55)?
-11
Let i(j) = j**3 - 159*j**2 + 3767*j + 89. Calculate i(29).
2
Let v(a) = -828*a**2 + 5799*a + 17. What is v(7)?
38
Let b(u) = -u**3 + 5*u**2 + 31*u - 18. Calculate b(9).
-63
Let c(o) = o**3 + 3*o**2 - 64*o - 274. Determine c(-8).
-82
Let c(j) = -34*j + 2505. What is c(73)?
23
Let w(v) = -v**2 + 74*v - 1312. Give w(45).
-7
Let d(v) = 407*v + 3662. What is d(-9)?
-1
Let v(o) = -2666*o - 8020. Calculate v(-3).
-22
Let k(r) = -r**2 - 682*r - 8053. Calculate k(-12).
-13
Let t(q) = q**3 + 5*q**2 - 512*q - 1552. Give t(-3).
2
Let g(y) = -y**3 + 48*y**2 + 866*y + 137. What is g(62)?
13
Let c(s) = 2*s**3 - 154*s**2 + 2784*s - 43. Calculate c(48).
-43
Let g(u) = -u**2 + 23*u + 38. Calculate g(-3).
-40
Let g(n) = -n**2 - 285*n + 5765. What is g(19)?
-11
Let l(p) = 568*p + 16453. Give l(-29).
-19
Let f(o) = -4*o**3 - 9*o**2 + 5*o - 19. Give f(-4).
73
Let t(j) = -3*j**2 + 279*j - 5662. Determine t(30).
8
Let h(x) = 737*x**3 - 7*x**2 - 10*x - 2. What is h(-1)?
-736
Let w(g) = -g**3 + 20*g**2 + 4*g - 23. Calculate w(20).
57
Let h(o) = -4*o**2 + 304*o + 86. Determine h(75).
386
Let s(n) = -5*n**2 + 317*n + 316. Give s(-1).
-6
Let x(c) = -c**3 - 30*c**2 + 30*c + 38. Determine x(-31).
69
Let q(w) = -840*w + 5882. Give q(7).
2
Let n(r) = -8*r**2 + 185*r - 7. Calculate n(-3).
-634
Let r(j) = j**2 - 16*j - 1107. Give r(43).
54
Let r(x) = -x**3 + 30*x**2 - 21*x - 71. Determine r(29).
161
Let w(u) = -u**2 - 27*u + 518. Determine w(-45).
-292
Let t(l) = 47*l + 191. Determine t(-3).
50
Let y(n) = n**2 - 6*n - 46. Determine y(17).
141
Let f(c) = 9*c**3 + 22*c**2 + 12*c - 26. What is f(-4)?
-298
Let g(p) = -p**3 - 9*p**2 + 31*p + 65. Determine g(-11).
-34
Let v(x) = -589*x - 1015. Determine v(-2).
163
Let t(c) = -c**3 + 5*c**2 - 4*c + 13. Calculate t(3).
19
Let v(h) = -4*h**2 + 58*h + 47. What is v(11)?
201
Let i(q) = 169*q - 3143. Calculate i(18).
-101
Let x(p) = -80*p - 88. What is x(-1)?
-8
Let n(c) = -5*c**2 + 24*c - 14. Give n(4).
2
Let s(b) = 158*b - 833. Give s(5).
-43
Let v(s) = -34*s**2 + 227*s + 116. Calculate v(7).
39
Let o(g) = -g**3 + 13*g**2 - 54*g + 26. Calculate o(12).
-478
Let m(y) = -4*y + 106. What is m(21)?
22
Let q(f) = -1171*f + 8187. Give q(7).
-10
Let q(a) = -11*a**3 + 12*a**2 + 1. Calculate q(1).
2
Let l(j) = -3*j**3 + 99*j**2 - 6*j - 5. Determine l(33).
-203
Let g(i) = 104*i**2 + 183*i + 184. Calculate g(-1).
105
Let r(p) = -2*p**3 - 14*p**2 + 905*p + 23. What is r(-25)?
-102
Let i(p) = 2*p**3 + 9*p**2 - 37. Give i(-3).
-10
Let k(i) = -23*i**2 - 447*i - 12. Determine k(-20).
-272
Let d(g) = -g**3 + 10*g**2 - 18*g - 24. Calculate d(7).
-3
Let i(m) = -2859*m**2 + 37168*m - 4. Determine i(13).
9
Let o(j) = 9528*j + 28587. Give o(-3).
3
Let c(o) = -2*o**3 - 39*o**2 - 19*o - 90. What is c(-19)?
-90
Let q(f) = -f**3 - 102*f**2 - 125*f - 2655. What is q(-101)?
-231
Let r(l) = l**3 + 15*l**2 - 75*l + 11. Give r(-19).
-8
Let s(m) = m**2 - 10*m - 93. What is s(17)?
26
Let o(v) = v**2 - 111*v - 1556. Give o(124).
56
Let w(v) = 5*v - 33. Give w(11).
22
Let m(t) = -t**2 - 34*t - 271. Calculate m(-20).
9
Let f(x) = x**2 - 13*x - 228. Calculate f(0).
-228
Let j(n) = -n**2 - 2672*n + 45713. Calculate j(17).
0
Let d(i) = -966*i - 10669. Give d(-11).
-43
Let b(h) = -3*h**2 + 72*h - 326. Give b(6).
-2
Let n(m) = 187*m + 547. Give n(-3).
-14
Let z(c) = -8*c + 777. Give z(46).
409
Let h(l) = 36*l + 752. What is h(-21)?
-4
Let v(d) = -2*d**3 - 28*d**2 + 37*d + 121. Give v(-15).
16
Let l(z) = 3*z**2 - 21*z - 792. Determine l(-13).
-12
Let y(j) = 3*j**3 - 40*j**2 + 34*j - 282. Give y(13).
-9
Let n(b) = -25*b + 1189. What is n(48)?
-11
Let n(m) = -889*m + 9812. What is n(11)?
33
Let u(s) = -3*s**2 - 189*s - 533. Determine u(-60).
7
Let o(p) = -p**3 + 27*p**2 + 4*p - 89. Determine o(27).
19
Let x(q) = q**3 + 83*q**2 + 737*q + 40. Determine x(-10).
-30
Let p(i) = 3327*i + 29936. What is p(-9)?
-7
Let k(i) = 80*i + 473. What is k(-6)?
-7
Let g(s) = 55*s + 668. Determine g(-12).
8
Let m(n) = 2*n**3 + n**2 - 1456*n - 4348. Determine m(-3).
-25
Let c(t) = -2*t**2 + 167*t + 112. Give c(84).
28
Let d(g) = 20*g + 357. Determine d(-22).
-83
Let k(j) = -2*j**3 - 18*j**2 - 7*j - 56. What is k(-9)?
7
Let a(t) = -t**2 - 7*t + 136. What is a(-21)?
-158
Let i(p) = p**3 + 17*p**2 - 270*p + 5. Calculate i(-27).
5
Let q(k) = 27*k - 438. Give q(16).
-6
Let l(i) = 554*i + 5545. Give l(-10).
5
Let j(y) = 5*y**2 + 361*y + 91. What is j(-72)?
19
Let t(s) = 19*s**2 + 268*s + 14. What is t(-14)?
-14
Let b(t) = -782*t - 26583. What is b(-34)?
5
Let a(h) = -h**3 - 32*h**2 + 2*h + 72. Calculate a(-32).
8
Let i(k) = k**3 + 7*k**2 - 2*k - 28. Give i(-7).
-14
Let b(t) = -273*t + 20402. Determine b(75).
-73
Let x(n) = -n**3 - 148*n**2 + 45*n - 15492. Give x(-149).
4
Let z(c) = c**3 - 57*c + 205. What is z(-9)?
-11
Let m(w) = -w**3 - 22*w**2 - 17*w + 476. Calculate m(-20).
16
Let v(q) = -6*q**2 + 49*q - 183. What is v(4)?
-83
Let k(y) = -191*y - 3040. What is k(-16)?
16
Let j(v) = -v**3 + 16*v**2 + 313*v - 4573. Calculate j(13).
3
Let x(j) = -9*j**2 - 49*j - 32. Determine x(-5).
-12
Let g(h) = 2*h**3 - 80*h**2 + 63*h + 49. Give g(39).
-536
Let r(i) = -27*i - 229. Calculate r(-9).
14
Let r(y) = 2*y**3 + 41*y**2 - 16*y - 146. What is r(-20)?
574
Let l(z) = z**3 - 31*z**2 - 18*z + 547. Calculate l(31).
-11
Let q(g) = -g**3 + 7*g**2 + 146*g - 1156. What is q(9)?
-4
Let h(d) = -d**3 - 4*d**2 + 256*d + 783. What is h(-3)?
6
Let v(x) = 2*x**3 - 9*x**2 - 50*x + 25. What is v(8)?
73
Let r(c) = c**2 + 14*c + 83. Give r(-8).
35
Let c(n) = n**3 + 31*n**2 - 36*n - 99. Determine c(-32).
29
Let x(f) = 76*f + 359. Determine x(-5).
-21
Let f(k) = 2*k**3 + 29*k**2 + k - 104. Give f(-2).
-6
Let y(d) = -2260*d - 51986. Give y(-23).
-6
Let w(o) = -95*o + 1323. Calculate w(14).
-7
Let q(c) = -5*c + 49. Calculate q(5).
24
Let c(r) = 1812*r + 19897. What is c(-11)?
-35
Let h(s) = s**2 + 4*s - 3706. Calculate h(-63).
11
Let u(x) = 19*x - 35. Give u(4).
41
Let l(u) = -7*u**2 + 52*u - 156. Give l(6).
-96
Let v(t) = -142*t + 148. Calculate v(0).
148
Let h(n) = 61*n**3 - 5*n**2 + 13*n + 16. Determine h(-1).
-63
Let o(t) = t**3 + 19*t**2 + 44*t + 200. Calculate o(-17).
30
Let t(l) = 146*l - 48. Calculate t(-1).
-194
Let z(j) = -18*j**2 - 12*j - 15. Give z(-3).
-141
Let y(f) = -748*f - 10384. Give y(-14).
88
Let u(p) = p**2 + 145*p - 10320. What is u(52)?
-76
Let j(d) = -d**2 + 668*d + 5419. Give j(-8).
11
Let v(t) = -t**3 - 11*t**2 - 34*t - 294. Calculate v(-10).
-54
Let x(t) = -28*t + 1322. Give x(46).
34
Let g(v) = -19*v + 151. Calculate g(6).
37
Let i(w) = w**3 - 70*w**2 + 1210*w - 33. Calculate i(31).
-2
Let m(s) = 10997*s - 87968. Determine m(8).
8
Let c(j) = 2*j**3 - 5*j**2 - 47*j - 83. What is c(-3)?
-41
Let t(z) = 3*z**2 + 47*z - 1098. Give t(-30).
192
Let p(l) = -5*l**2 - 652*l - 1557. What is p(-128)?
-21
Let c(q) = -11*q - 345. Determine c(-31).
-4
Let f(g) = 427*g + 27341. What is f(-64)?
13
Let g(d) = 28*d**2 - 140*d + 15. Determine g(6).
183
Let y(q) = 12*q**2 + 13*q - 7. Give y(2).
67
L